{"id":331,"date":"2025-11-11T22:54:28","date_gmt":"2025-11-11T15:54:28","guid":{"rendered":"https:\/\/vinfastvndongnai.vn\/?page_id=331"},"modified":"2025-11-12T10:53:59","modified_gmt":"2025-11-12T03:53:59","slug":"gioi-thieu","status":"publish","type":"page","link":"https:\/\/vinfastvndongnai.vn\/index.php\/gioi-thieu\/","title":{"rendered":"Gi\u1edbi thi\u1ec7u"},"content":{"rendered":"\t\t<div data-elementor-type=\"wp-page\" data-elementor-id=\"331\" class=\"elementor elementor-331\" data-elementor-post-type=\"page\">\n\t\t\t\t<div class=\"elementor-element elementor-element-6d12d77 e-flex e-con-boxed e-con e-parent\" data-id=\"6d12d77\" data-element_type=\"container\" data-settings=\"{&quot;background_background&quot;:&quot;classic&quot;}\">\n\t\t\t\t\t<div class=\"e-con-inner\">\n\t\t\t\t<div class=\"elementor-element elementor-element-8212a42 elementor-widget elementor-widget-heading\" data-id=\"8212a42\" data-element_type=\"widget\" data-widget_type=\"heading.default\">\n\t\t\t\t\t<h2 class=\"elementor-heading-title elementor-size-default\">gi\u1edbi thi\u1ec7u<\/h2>\t\t\t\t<\/div>\n\t\t\t\t\t<\/div>\n\t\t\t\t<\/div>\n\t\t<div class=\"elementor-element elementor-element-4d1f934 e-con-full e-flex e-con e-parent\" data-id=\"4d1f934\" data-element_type=\"container\">\n\t\t<div class=\"elementor-element elementor-element-34a0578 e-con-full e-flex e-con e-child\" data-id=\"34a0578\" data-element_type=\"container\">\n\t\t\t\t<div class=\"elementor-element elementor-element-f853ff6 elementor-widget elementor-widget-text-editor\" data-id=\"f853ff6\" data-element_type=\"widget\" data-widget_type=\"text-editor.default\">\n\t\t\t\t\t\t\t\t\t<p>Gi\u1edbi thi\u1ec7u v\u1ec1<br \/><strong>C\u00f4ng ty VinFast<\/strong><br \/>VinFast l\u00e0 c\u00f4ng ty th\u00e0nh vi\u00ean thu\u1ed9c t\u1eadp \u0111o\u00e0n Vingroup, m\u1ed9t trong nh\u1eefng T\u1eadp \u0111o\u00e0n Kinh t\u1ebf t\u01b0 nh\u00e2n \u0111a ng\u00e0nh l\u1edbn nh\u1ea5t Ch\u00e2u \u00c1<\/p><p>V\u1edbi tri\u1ebft l\u00fd \u201c\u0110\u1eb7t kh\u00e1ch h\u00e0ng l\u00e0m tr\u1ecdng t\u00e2m\u201d, VinFast kh\u00f4ng ng\u1eebng s\u00e1ng t\u1ea1o \u0111\u1ec3 t\u1ea1o ra c\u00e1c s\u1ea3n ph\u1ea9m \u0111\u1eb3ng c\u1ea5p v\u00e0 xu\u1ea5t s\u1eafc cho m\u1ecdi ng\u01b0\u1eddi.<\/p>\t\t\t\t\t\t\t\t<\/div>\n\t\t\t\t<\/div>\n\t\t<div class=\"elementor-element elementor-element-ac779fa e-con-full e-flex e-con e-child\" data-id=\"ac779fa\" data-element_type=\"container\" data-settings=\"{&quot;background_background&quot;:&quot;classic&quot;}\">\n\t\t\t\t<div class=\"elementor-element elementor-element-b7def06 elementor-widget elementor-widget-image\" data-id=\"b7def06\" data-element_type=\"widget\" data-widget_type=\"image.default\">\n\t\t\t\t\t\t\t\t\t\t\t\t\t\t\t<img fetchpriority=\"high\" decoding=\"async\" width=\"1393\" height=\"626\" src=\"https:\/\/vinfastvndongnai.vn\/wp-content\/uploads\/2025\/11\/93.webp\" class=\"attachment-full size-full wp-image-481\" alt=\"\" srcset=\"https:\/\/vinfastvndongnai.vn\/wp-content\/uploads\/2025\/11\/93.webp 1393w, https:\/\/vinfastvndongnai.vn\/wp-content\/uploads\/2025\/11\/93-300x135.webp 300w, https:\/\/vinfastvndongnai.vn\/wp-content\/uploads\/2025\/11\/93-1024x460.webp 1024w, https:\/\/vinfastvndongnai.vn\/wp-content\/uploads\/2025\/11\/93-150x67.webp 150w, https:\/\/vinfastvndongnai.vn\/wp-content\/uploads\/2025\/11\/93-768x345.webp 768w, https:\/\/vinfastvndongnai.vn\/wp-content\/uploads\/2025\/11\/93-600x270.webp 600w, https:\/\/vinfastvndongnai.vn\/wp-content\/uploads\/2025\/11\/93-100x45.webp 100w\" sizes=\"(max-width: 1393px) 100vw, 1393px\" \/>\t\t\t\t\t\t\t\t\t\t\t\t\t\t\t<\/div>\n\t\t\t\t<\/div>\n\t\t\t\t<\/div>\n\t\t<div class=\"elementor-element elementor-element-ff616e9 e-flex e-con-boxed e-con e-parent\" data-id=\"ff616e9\" data-element_type=\"container\">\n\t\t\t\t\t<div class=\"e-con-inner\">\n\t\t<div class=\"elementor-element elementor-element-2247c67 e-con-full e-flex e-con e-child\" data-id=\"2247c67\" data-element_type=\"container\">\n\t\t\t\t<div class=\"elementor-element elementor-element-c86a007 elementor-view-stacked elementor-shape-circle elementor-position-top elementor-mobile-position-top elementor-widget elementor-widget-icon-box\" data-id=\"c86a007\" data-element_type=\"widget\" data-widget_type=\"icon-box.default\">\n\t\t\t\t\t\t\t<div class=\"elementor-icon-box-wrapper\">\n\n\t\t\t\t\t\t<div class=\"elementor-icon-box-icon\">\n\t\t\t\t<span  class=\"elementor-icon\">\n\t\t\t\t<svg aria-hidden=\"true\" class=\"e-font-icon-svg e-fas-star-of-david\" viewBox=\"0 0 464 512\" xmlns=\"http:\/\/www.w3.org\/2000\/svg\"><path d=\"M405.68 256l53.21-89.39C473.3 142.4 455.48 112 426.88 112H319.96l-55.95-93.98C256.86 6.01 244.43 0 232 0s-24.86 6.01-32.01 18.02L144.04 112H37.11c-28.6 0-46.42 30.4-32.01 54.61L58.32 256 5.1 345.39C-9.31 369.6 8.51 400 37.11 400h106.93l55.95 93.98C207.14 505.99 219.57 512 232 512s24.86-6.01 32.01-18.02L319.96 400h106.93c28.6 0 46.42-30.4 32.01-54.61L405.68 256zm-12.78-88l-19.8 33.26L353.3 168h39.6zm-52.39 88l-52.39 88H175.88l-52.39-88 52.38-88h112.25l52.39 88zM232 73.72L254.79 112h-45.57L232 73.72zM71.1 168h39.6l-19.8 33.26L71.1 168zm0 176l19.8-33.26L110.7 344H71.1zM232 438.28L209.21 400h45.57L232 438.28zM353.29 344l19.8-33.26L392.9 344h-39.61z\"><\/path><\/svg>\t\t\t\t<\/span>\n\t\t\t<\/div>\n\t\t\t\n\t\t\t\t\t\t<div class=\"elementor-icon-box-content\">\n\n\t\t\t\t\t\t\t\t\t<h3 class=\"elementor-icon-box-title\">\n\t\t\t\t\t\t<span  >\n\t\t\t\t\t\t\tt\u1ea7m nh\u00ecn\t\t\t\t\t\t<\/span>\n\t\t\t\t\t<\/h3>\n\t\t\t\t\n\t\t\t\t\t\t\t\t\t<p class=\"elementor-icon-box-description\">\n\t\t\t\t\t\tTr\u1edf th\u00e0nh th\u01b0\u01a1ng hi\u1ec7u xe \u0111i\u1ec7n th\u00f4ng minh th\u00fac \u0111\u1ea9y m\u1ea1nh m\u1ebd cu\u1ed9c c\u00e1ch m\u1ea1ng xe \u0111i\u1ec7n to\u00e0n c\u1ea7u.\t\t\t\t\t<\/p>\n\t\t\t\t\n\t\t\t<\/div>\n\t\t\t\n\t\t<\/div>\n\t\t\t\t\t\t<\/div>\n\t\t\t\t<\/div>\n\t\t<div class=\"elementor-element elementor-element-9650b3d e-con-full e-flex e-con e-child\" data-id=\"9650b3d\" data-element_type=\"container\">\n\t\t\t\t<div class=\"elementor-element elementor-element-84143ca elementor-view-stacked elementor-shape-circle elementor-position-top elementor-mobile-position-top elementor-widget elementor-widget-icon-box\" data-id=\"84143ca\" data-element_type=\"widget\" data-widget_type=\"icon-box.default\">\n\t\t\t\t\t\t\t<div class=\"elementor-icon-box-wrapper\">\n\n\t\t\t\t\t\t<div class=\"elementor-icon-box-icon\">\n\t\t\t\t<span  class=\"elementor-icon\">\n\t\t\t\t<svg aria-hidden=\"true\" class=\"e-font-icon-svg e-fas-user-shield\" viewBox=\"0 0 640 512\" xmlns=\"http:\/\/www.w3.org\/2000\/svg\"><path d=\"M622.3 271.1l-115.2-45c-4.1-1.6-12.6-3.7-22.2 0l-115.2 45c-10.7 4.2-17.7 14-17.7 24.9 0 111.6 68.7 188.8 132.9 213.9 9.6 3.7 18 1.6 22.2 0C558.4 489.9 640 420.5 640 296c0-10.9-7-20.7-17.7-24.9zM496 462.4V273.3l95.5 37.3c-5.6 87.1-60.9 135.4-95.5 151.8zM224 256c70.7 0 128-57.3 128-128S294.7 0 224 0 96 57.3 96 128s57.3 128 128 128zm96 40c0-2.5.8-4.8 1.1-7.2-2.5-.1-4.9-.8-7.5-.8h-16.7c-22.2 10.2-46.9 16-72.9 16s-50.6-5.8-72.9-16h-16.7C60.2 288 0 348.2 0 422.4V464c0 26.5 21.5 48 48 48h352c6.8 0 13.3-1.5 19.2-4-54-42.9-99.2-116.7-99.2-212z\"><\/path><\/svg>\t\t\t\t<\/span>\n\t\t\t<\/div>\n\t\t\t\n\t\t\t\t\t\t<div class=\"elementor-icon-box-content\">\n\n\t\t\t\t\t\t\t\t\t<h3 class=\"elementor-icon-box-title\">\n\t\t\t\t\t\t<span  >\n\t\t\t\t\t\t\ts\u1ee9 m\u1ec7nh\t\t\t\t\t\t<\/span>\n\t\t\t\t\t<\/h3>\n\t\t\t\t\n\t\t\t\t\t\t\t\t\t<p class=\"elementor-icon-box-description\">\n\t\t\t\t\t\tV\u00ec m\u1ed9t t\u01b0\u01a1ng lai xanh cho m\u1ecdi ng\u01b0\u1eddi.\t\t\t\t\t<\/p>\n\t\t\t\t\n\t\t\t<\/div>\n\t\t\t\n\t\t<\/div>\n\t\t\t\t\t\t<\/div>\n\t\t\t\t<\/div>\n\t\t<div class=\"elementor-element elementor-element-8b7cf45 e-con-full e-flex e-con e-child\" data-id=\"8b7cf45\" data-element_type=\"container\">\n\t\t\t\t<div class=\"elementor-element elementor-element-48ad0ca elementor-view-stacked elementor-shape-circle elementor-position-top elementor-mobile-position-top elementor-widget elementor-widget-icon-box\" data-id=\"48ad0ca\" data-element_type=\"widget\" data-widget_type=\"icon-box.default\">\n\t\t\t\t\t\t\t<div class=\"elementor-icon-box-wrapper\">\n\n\t\t\t\t\t\t<div class=\"elementor-icon-box-icon\">\n\t\t\t\t<span  class=\"elementor-icon\">\n\t\t\t\t<svg aria-hidden=\"true\" class=\"e-font-icon-svg e-fas-retweet\" viewBox=\"0 0 640 512\" xmlns=\"http:\/\/www.w3.org\/2000\/svg\"><path d=\"M629.657 343.598L528.971 444.284c-9.373 9.372-24.568 9.372-33.941 0L394.343 343.598c-9.373-9.373-9.373-24.569 0-33.941l10.823-10.823c9.562-9.562 25.133-9.34 34.419.492L480 342.118V160H292.451a24.005 24.005 0 0 1-16.971-7.029l-16-16C244.361 121.851 255.069 96 276.451 96H520c13.255 0 24 10.745 24 24v222.118l40.416-42.792c9.285-9.831 24.856-10.054 34.419-.492l10.823 10.823c9.372 9.372 9.372 24.569-.001 33.941zm-265.138 15.431A23.999 23.999 0 0 0 347.548 352H160V169.881l40.416 42.792c9.286 9.831 24.856 10.054 34.419.491l10.822-10.822c9.373-9.373 9.373-24.569 0-33.941L144.971 67.716c-9.373-9.373-24.569-9.373-33.941 0L10.343 168.402c-9.373 9.373-9.373 24.569 0 33.941l10.822 10.822c9.562 9.562 25.133 9.34 34.419-.491L96 169.881V392c0 13.255 10.745 24 24 24h243.549c21.382 0 32.09-25.851 16.971-40.971l-16.001-16z\"><\/path><\/svg>\t\t\t\t<\/span>\n\t\t\t<\/div>\n\t\t\t\n\t\t\t\t\t\t<div class=\"elementor-icon-box-content\">\n\n\t\t\t\t\t\t\t\t\t<h3 class=\"elementor-icon-box-title\">\n\t\t\t\t\t\t<span  >\n\t\t\t\t\t\t\tTri\u1ebft l\u00fd th\u01b0\u01a1ng hi\u1ec7u\t\t\t\t\t\t<\/span>\n\t\t\t\t\t<\/h3>\n\t\t\t\t\n\t\t\t\t\t\t\t\t\t<p class=\"elementor-icon-box-description\">\n\t\t\t\t\t\t\u0110\u1eb7t kh\u00e1ch h\u00e0ng l\u00e0m tr\u1ecdng t\u00e2m, VinFast kh\u00f4ng ng\u1eebng s\u00e1ng t\u1ea1o \u0111\u1ec3 t\u1ea1o ra c\u00e1c s\u1ea3n ph\u1ea9m \u0111\u1eb3ng c\u1ea5p v\u00e0 tr\u1ea3i nghi\u1ec7m xu\u1ea5t s\u1eafc cho m\u1ecdi ng\u01b0\u1eddi.\t\t\t\t\t<\/p>\n\t\t\t\t\n\t\t\t<\/div>\n\t\t\t\n\t\t<\/div>\n\t\t\t\t\t\t<\/div>\n\t\t\t\t<\/div>\n\t\t<div class=\"elementor-element elementor-element-9b96aa3 e-con-full e-flex e-con e-child\" data-id=\"9b96aa3\" data-element_type=\"container\">\n\t\t\t\t<div class=\"elementor-element elementor-element-e57c095 elementor-view-stacked elementor-shape-circle elementor-position-top elementor-mobile-position-top elementor-widget elementor-widget-icon-box\" data-id=\"e57c095\" data-element_type=\"widget\" data-widget_type=\"icon-box.default\">\n\t\t\t\t\t\t\t<div class=\"elementor-icon-box-wrapper\">\n\n\t\t\t\t\t\t<div class=\"elementor-icon-box-icon\">\n\t\t\t\t<span  class=\"elementor-icon\">\n\t\t\t\t<svg aria-hidden=\"true\" class=\"e-font-icon-svg e-fas-hands\" viewBox=\"0 0 640 512\" xmlns=\"http:\/\/www.w3.org\/2000\/svg\"><path d=\"M204.8 230.4c-10.6-14.1-30.7-17-44.8-6.4-14.1 10.6-17 30.7-6.4 44.8l38.1 50.8c4.8 6.4 4.1 15.3-1.5 20.9l-12.8 12.8c-6.7 6.7-17.6 6.2-23.6-1.1L64 244.4V96c0-17.7-14.3-32-32-32S0 78.3 0 96v218.4c0 10.9 3.7 21.5 10.5 30l104.1 134.3c5 6.5 8.4 13.9 10.4 21.7 1.8 6.9 8.1 11.6 15.3 11.6H272c8.8 0 16-7.2 16-16V384c0-27.7-9-54.6-25.6-76.8l-57.6-76.8zM608 64c-17.7 0-32 14.3-32 32v148.4l-89.8 107.8c-6 7.2-17 7.7-23.6 1.1l-12.8-12.8c-5.6-5.6-6.3-14.5-1.5-20.9l38.1-50.8c10.6-14.1 7.7-34.2-6.4-44.8-14.1-10.6-34.2-7.7-44.8 6.4l-57.6 76.8C361 329.4 352 356.3 352 384v112c0 8.8 7.2 16 16 16h131.7c7.1 0 13.5-4.7 15.3-11.6 2-7.8 5.4-15.2 10.4-21.7l104.1-134.3c6.8-8.5 10.5-19.1 10.5-30V96c0-17.7-14.3-32-32-32z\"><\/path><\/svg>\t\t\t\t<\/span>\n\t\t\t<\/div>\n\t\t\t\n\t\t\t\t\t\t<div class=\"elementor-icon-box-content\">\n\n\t\t\t\t\t\t\t\t\t<h3 class=\"elementor-icon-box-title\">\n\t\t\t\t\t\t<span  >\n\t\t\t\t\t\t\tGi\u00e1 tr\u1ecb c\u1ed1t l\u00f5i\t\t\t\t\t\t<\/span>\n\t\t\t\t\t<\/h3>\n\t\t\t\t\n\t\t\t\t\t\t\t\t\t<p class=\"elementor-icon-box-description\">\n\t\t\t\t\t\tS\u1ea3n ph\u1ea9m \u0111\u1eb3ng c\u1ea5p, gi\u00e1 t\u1ed1t, ch\u00ednh s\u00e1ch h\u1eadu m\u00e3i v\u01b0\u1ee3t tr\u1ed9i.\t\t\t\t\t<\/p>\n\t\t\t\t\n\t\t\t<\/div>\n\t\t\t\n\t\t<\/div>\n\t\t\t\t\t\t<\/div>\n\t\t\t\t<\/div>\n\t\t\t\t\t<\/div>\n\t\t\t\t<\/div>\n\t\t<div class=\"elementor-element elementor-element-0045129 e-flex e-con-boxed e-con e-parent\" data-id=\"0045129\" data-element_type=\"container\">\n\t\t\t\t\t<div class=\"e-con-inner\">\n\t\t\t\t<div class=\"elementor-element elementor-element-32cb974 elementor-widget elementor-widget-heading\" data-id=\"32cb974\" data-element_type=\"widget\" data-widget_type=\"heading.default\">\n\t\t\t\t\t<h2 class=\"elementor-heading-title elementor-size-default\">D\u1ea5u ch\u00e2n to\u00e0n c\u1ea7u<\/h2>\t\t\t\t<\/div>\n\t\t\t\t<div class=\"elementor-element elementor-element-7ff1de1 elementor-widget elementor-widget-text-editor\" data-id=\"7ff1de1\" data-element_type=\"widget\" data-widget_type=\"text-editor.default\">\n\t\t\t\t\t\t\t\t\t<p>VinFast \u0111\u00e3 nhanh ch\u00f3ng thi\u1ebft l\u1eadp s\u1ef1 hi\u1ec7n di\u1ec7n to\u00e0n c\u1ea7u, thu h\u00fat nh\u1eefng t\u00e0i n\u0103ng t\u1ed1t nh\u1ea5t t\u1eeb kh\u1eafp n\u01a1i tr\u00ean th\u1ebf gi\u1edbi v\u00e0 h\u1ee3p t\u00e1c v\u1edbi m\u1ed9t s\u1ed1 th\u01b0\u01a1ng hi\u1ec7u mang t\u00ednh bi\u1ec3u t\u01b0\u1ee3ng nh\u1ea5t trong ng\u00e0nh \u00d4 t\u00f4.<\/p>\t\t\t\t\t\t\t\t<\/div>\n\t\t\t\t\t<\/div>\n\t\t\t\t<\/div>\n\t\t<div class=\"elementor-element elementor-element-ec708a3 e-flex e-con-boxed e-con e-parent\" data-id=\"ec708a3\" data-element_type=\"container\" data-settings=\"{&quot;background_background&quot;:&quot;classic&quot;}\">\n\t\t\t\t\t<div class=\"e-con-inner\">\n\t\t<div class=\"elementor-element elementor-element-2472887 e-con-full e-flex e-con e-child\" data-id=\"2472887\" data-element_type=\"container\">\n\t\t\t\t<div class=\"elementor-element elementor-element-3860d86 elementor-widget elementor-widget-image\" data-id=\"3860d86\" data-element_type=\"widget\" data-widget_type=\"image.default\">\n\t\t\t\t\t\t\t\t\t\t\t\t\t\t\t<img decoding=\"async\" width=\"930\" height=\"482\" src=\"https:\/\/vinfastvndongnai.vn\/wp-content\/uploads\/2025\/11\/footprint-vf8.webp\" class=\"attachment-full size-full wp-image-361\" alt=\"\" srcset=\"https:\/\/vinfastvndongnai.vn\/wp-content\/uploads\/2025\/11\/footprint-vf8.webp 930w, https:\/\/vinfastvndongnai.vn\/wp-content\/uploads\/2025\/11\/footprint-vf8-300x155.webp 300w, https:\/\/vinfastvndongnai.vn\/wp-content\/uploads\/2025\/11\/footprint-vf8-150x78.webp 150w, https:\/\/vinfastvndongnai.vn\/wp-content\/uploads\/2025\/11\/footprint-vf8-768x398.webp 768w, https:\/\/vinfastvndongnai.vn\/wp-content\/uploads\/2025\/11\/footprint-vf8-600x311.webp 600w, https:\/\/vinfastvndongnai.vn\/wp-content\/uploads\/2025\/11\/footprint-vf8-100x52.webp 100w\" sizes=\"(max-width: 930px) 100vw, 930px\" \/>\t\t\t\t\t\t\t\t\t\t\t\t\t\t\t<\/div>\n\t\t\t\t<\/div>\n\t\t<div class=\"elementor-element elementor-element-cab33e0 e-con-full e-flex e-con e-child\" data-id=\"cab33e0\" data-element_type=\"container\">\n\t\t\t\t<div class=\"elementor-element elementor-element-c5b8c2e elementor-widget elementor-widget-image\" data-id=\"c5b8c2e\" data-element_type=\"widget\" data-widget_type=\"image.default\">\n\t\t\t\t\t\t\t\t\t\t\t\t\t\t\t<img decoding=\"async\" width=\"930\" height=\"482\" src=\"https:\/\/vinfastvndongnai.vn\/wp-content\/uploads\/2025\/11\/footprint-vf9.webp\" class=\"attachment-full size-full wp-image-362\" alt=\"\" srcset=\"https:\/\/vinfastvndongnai.vn\/wp-content\/uploads\/2025\/11\/footprint-vf9.webp 930w, https:\/\/vinfastvndongnai.vn\/wp-content\/uploads\/2025\/11\/footprint-vf9-300x155.webp 300w, https:\/\/vinfastvndongnai.vn\/wp-content\/uploads\/2025\/11\/footprint-vf9-150x78.webp 150w, https:\/\/vinfastvndongnai.vn\/wp-content\/uploads\/2025\/11\/footprint-vf9-768x398.webp 768w, https:\/\/vinfastvndongnai.vn\/wp-content\/uploads\/2025\/11\/footprint-vf9-600x311.webp 600w, https:\/\/vinfastvndongnai.vn\/wp-content\/uploads\/2025\/11\/footprint-vf9-100x52.webp 100w\" sizes=\"(max-width: 930px) 100vw, 930px\" \/>\t\t\t\t\t\t\t\t\t\t\t\t\t\t\t<\/div>\n\t\t\t\t<\/div>\n\t\t\t\t\t<\/div>\n\t\t\t\t<\/div>\n\t\t\t\t<\/div>\n\t\t","protected":false},"excerpt":{"rendered":"<p>gi\u1edbi thi\u1ec7u Gi\u1edbi thi\u1ec7u v\u1ec1C\u00f4ng ty VinFastVinFast l\u00e0 c\u00f4ng ty th\u00e0nh vi\u00ean thu\u1ed9c t\u1eadp \u0111o\u00e0n Vingroup, m\u1ed9t trong nh\u1eefng T\u1eadp \u0111o\u00e0n Kinh t\u1ebf t\u01b0 nh\u00e2n \u0111a ng\u00e0nh l\u1edbn nh\u1ea5t Ch\u00e2u \u00c1 V\u1edbi tri\u1ebft l\u00fd \u201c\u0110\u1eb7t kh\u00e1ch h\u00e0ng l\u00e0m tr\u1ecdng t\u00e2m\u201d, VinFast kh\u00f4ng ng\u1eebng s\u00e1ng t\u1ea1o \u0111\u1ec3 t\u1ea1o ra c\u00e1c s\u1ea3n ph\u1ea9m \u0111\u1eb3ng c\u1ea5p v\u00e0 xu\u1ea5t [&hellip;]<\/p>\n","protected":false},"author":1,"featured_media":0,"parent":0,"menu_order":0,"comment_status":"closed","ping_status":"closed","template":"elementor_header_footer","meta":{"footnotes":""},"class_list":["post-331","page","type-page","status-publish","hentry"],"_links":{"self":[{"href":"https:\/\/vinfastvndongnai.vn\/index.php\/wp-json\/wp\/v2\/pages\/331","targetHints":{"allow":["GET"]}}],"collection":[{"href":"https:\/\/vinfastvndongnai.vn\/index.php\/wp-json\/wp\/v2\/pages"}],"about":[{"href":"https:\/\/vinfastvndongnai.vn\/index.php\/wp-json\/wp\/v2\/types\/page"}],"author":[{"embeddable":true,"href":"https:\/\/vinfastvndongnai.vn\/index.php\/wp-json\/wp\/v2\/users\/1"}],"replies":[{"embeddable":true,"href":"https:\/\/vinfastvndongnai.vn\/index.php\/wp-json\/wp\/v2\/comments?post=331"}],"version-history":[{"count":64,"href":"https:\/\/vinfastvndongnai.vn\/index.php\/wp-json\/wp\/v2\/pages\/331\/revisions"}],"predecessor-version":[{"id":596,"href":"https:\/\/vinfastvndongnai.vn\/index.php\/wp-json\/wp\/v2\/pages\/331\/revisions\/596"}],"wp:attachment":[{"href":"https:\/\/vinfastvndongnai.vn\/index.php\/wp-json\/wp\/v2\/media?parent=331"}],"curies":[{"name":"wp","href":"https:\/\/api.w.org\/{rel}","templated":true}]}}